s the remainder when r is divided by 18?
16
Let l(t) = -t**3 - 7*t**2 + 7*t + 19. Calculate the remainder when 79 is divided by l(-8).
25
Suppose -2*f - 22 = -3*f. Suppose -5*q - 7 = -t, -q = 2*t - 3*q - f. What is the remainder when 20 is divided by t?
8
Let a be (-15)/(-3) + (-1)/1. Suppose a*t - 4 = 2*t. Calculate the remainder when 3 is divided by t.
1
Let w(v) = -v**2 - 2*v + 8. Let d be w(8). Let q be d/(-5) - 6/15. Let l = 15 + q. What is the remainder when l is divided by 15?
14
Suppose 0 = 2*l - 20 + 2. Suppose -a + 21 = -y, -3*y = 2*a - y - 54. Calculate the remainder when a is divided by l.
6
Suppose 0 = 2*u + 2, 4*c + c - 97 = -3*u. Suppose 75 = 5*w - 3*q, 5*w - 90 = -4*q + c. Calculate the remainder when 34 is divided by w.
16
Suppose -3*y + 250 + 35 = 0. Calculate the remainder when y is divided by 12.
11
Let c(d) = -d**3 + 5*d**2 + 6*d + 3. Let z be c(6). Suppose 2*q - z*q = 1, -u = 2*q - 9. Let m = 50 - 30. What is the remainder when m is divided by u?
9
Let y(u) be the third derivative of -u**6/12 - u**3/6 + 4*u**2. What is the remainder when 34 is divided by y(-1)?
7
Suppose j + 3*y = -0*y + 12, 3*j = 4*y + 10. Calculate the remainder when 1/((1 - 2)/(-16)) is divided by j.
4
Suppose -3*t + 109 + 41 = -3*w, 3*w = 4*t - 195. What is the remainder when t is divided by 186/8 + 4/(-16)?
22
Let b(w) = -w - 2. Calculate the remainder when (-20)/(-4) + 5 + -3 is divided by b(-5).
1
Suppose 0 = -0*h + 3*h. Suppose 3*i + 0*i - 21 = h. What is the remainder when 12 is divided by i?
5
Let d(t) = 4*t**3 + t**2 - t + 1. What is the remainder when 8 is divided by d(1)?
3
Let q(t) = -t**2 - 10*t + 4. Let d(s) = -s**3 + 5*s**2 + 8*s - 2. Calculate the remainder when q(-5) is divided by d(6).
9
Let k(p) = -19*p + 14. Let d be k(7). Let s = 181 + d. What is the remainder when s is divided by 16?
14
What is the remainder when -26*(-4 + 3) - 3 is divided by (-1 + 4)*8/3?
7
Let b = 104 + -6. Calculate the remainder when b is divided by 25.
23
Suppose 0*j = -5*j + 15, -3*j + 3 = x. Let n be (21/(-14))/(x/(-16)). Calculate the remainder when 10 is divided by (-22)/n + 2/4.
4
Let r(b) = -3*b**3 - 3*b**2 + 3*b + 6. Calculate the remainder when 22 is divided by r(-2).
10
Suppose 0 = 7*w - 2*w + 25. Let j = 7 + w. What is the remainder when j is divided by 2?
0
Let p(j) = -2*j - 4. Let b be -6*1*(-1 - 3). Suppose 3*r - b = -r + 4*w, w = -r + 8. Calculate the remainder when p(-8) is divided by r.
5
Calculate the remainder when (-3 - (-4 + -6)) + 4 is divided by 3.
2
Suppose 0 = -0*j - j + 38. Calculate the remainder when j is divided by 14.
10
Let f(d) = d**3 + d**2 + d - 1. Let w be f(1). Let r be (w/6)/(2/102). Suppose 0 = -3*a + 25 + r. What is the remainder when a is divided by 8?
6
Let b be ((-4)/6)/(16/72). Let i = b + 8. Let s(o) = -2*o + 5. What is the remainder when s(-4) is divided by i?
3
Let d be 2*(30/4)/3. Suppose -2*h + 3 = -i, 5*h - d*i + 3*i - 10 = 0. What is the remainder when (-47)/(-2) - h/(-8) is divided by 13?
11
Suppose 4*b - 26 = -y, -y + 2*b + 34 = 4*b. Let j = y + -30. What is the remainder when 1/(-6) - 844/(-24) is divided by j?
11
What is the remainder when (0 + -3)*(-172)/6 is divided by 22?
20
Let s = 73 - 51. What is the remainder when s is divided by 8?
6
Let s(j) = -j**3 - j**2 - j - 3. Let k be s(-2). Suppose 36 = 3*r + k*i, -2*i - i - 6 = -3*r. What is the remainder when 11 is divided by r?
4
Let m be (-259)/(-21) + 1/(-3). Let h = m - 6. Calculate the remainder when h is divided by 4.
2
Suppose -3*g = g - 24. What is the remainder when 7 is divided by g?
1
Suppose -9*k + 5*k + 272 = 0. What is the remainder when k is divided by 23?
22
Suppose c - 39 = 2*i, -2*c + 8 = 2*i + 56. Let y = 1 - i. Let d(t) = -12*t. What is the remainder when y is divided by d(-1)?
10
Let q(x) = 76*x + 1. What is the remainder when q(1) is divided by 16?
13
Let p = 9 + -1. Calculate the remainder when 21 is divided by p.
5
Let a(u) = -u**2 - 12*u - 9. What is the remainder when 42 is divided by a(-10)?
9
Let a be 80/3 + 8/(-12). Suppose -a = 3*j - 5*j. Calculate the remainder when 50 is divided by j.
11
Calculate the remainder when 21 is divided by (-12)/7*7/(-2).
3
Let d = -8 - -13. Calculate the remainder when 7 is divided by d.
2
Suppose -2*y - 3*c = -11, -y - c = y - 5. Calculate the remainder when 46 is divided by 21 + (6/y - 3).
22
Let l = 2 - -8. Suppose 0*m = 4*g - 4*m - 28, 0 = 4*g + 4*m - 20. Let s = l - g. Calculate the remainder when 11 is divided by s.
3
Let z = 131 - 69. What is the remainder when z is divided by 16?
14
Let d(j) = -2*j**3 + 2*j**2 - 2. Let p be d(-2). Let h be (-4)/(-6) + (-4)/6. Suppose h = 3*u - 79 + p. Calculate the remainder when 55 is divided by u.
17
Let n be 0 + 2 + 16/4. Calculate the remainder when 68*2/(-2 + n) is divided by 12.
10
Let b(m) = -m**2 - 14*m - 4. Calculate the remainder when b(-13) is divided by 8.
1
Let l(z) = z**3 + 5*z**2 - 8*z - 9. Let n be l(-6). Suppose 0*t + 27 = -n*t. Let d = t - -15. Calculate the remainder when 10 is divided by d.
4
Let q = -12 - -5. Let y = 9 - q. Suppose 4*m + 5*h = 44, 0 = -m + 2*h - 4 + 2. Calculate the remainder when y is divided by m.
4
Let s = -3 + 4. Let t = 36 - s. Suppose -4*u = -45 - 3. What is the remainder when t is divided by u?
11
Let u(x) = -x**3 - 7*x**2 - 5*x - 11. Let p be u(-8). Suppose -p = -4*m + m. What is the remainder when m is divided by 8?
7
Let u = -8 + 5. What is the remainder when 5/3*(36 + u) is divided by 14?
13
Let f = -6 + 8. Let w(d) = d - 1. Let l(b) = 3. Let c(o) = f*w(o) - l(o). What is the remainder when 14 is divided by c(5)?
4
Let f(n) = -3*n + 13. Calculate the remainder when 63 is divided by f(-3).
19
Let a(p) = 3*p - 1. Calculate the remainder when 193 is divided by a(5).
11
Let n(s) = -6*s + 5. What is the remainder when n(-8) is divided by -1 + 1 + 1 + 27?
25
Let m = -10 + 7. Calculate the remainder when 32/m*(-6)/4 is divided by 9.
7
Suppose 17*w = 7*w + 300. What is the remainder when w is divided by 17?
13
Calculate the remainder when 14 is divided by (-2 + (-95)/(-10))*(-6)/(-5).
5
Let j(z) = z + 5. What is the remainder when j(-2) is divided by 1?
0
Let f = -16 - -19. Suppose -8 = -3*l - l. Suppose -5*a + 10 = -b + l*b, -3*a - 2 = -b. Calculate the remainder when b is divided by f.
2
Let g = -15 + 7. Suppose -3*m - 126 = 39. Let s = g - m. What is the remainder when s is divided by 16?
15
Suppose -5*s = -2*t - 35 - 36, -4*t - 38 = -2*s. What is the remainder when 22 is divided by s?
9
Let t(u) = -5*u**2 + u + 1. Let g be t(-1). Let h(x) = x**3 + 6*x**2 + x - 4. Calculate the remainder when 29 is divided by h(g).
13
Let v be (-1)/4 - 649/44. Let a = v + 29. What is the remainder when 26 is divided by a?
12
Let u(f) = -3*f + 6. What is the remainder when 14 is divided by u(-1)?
5
Let m(s) = -s**2 - 6*s + 5. Let d be m(-4). Suppose d = -2*z + 83. What is the remainder when z is divided by 9?
8
Let f = 19 + 11. What is the remainder when f is divided by (-158)/(-14) + 4/(-14)?
8
Let m = 7 - 1. Let z(n) = n**3 - 5*n**2 - 5*n + 5. What is the remainder when 21 is divided by z(m)?
10
Let f = 248 + -224. Suppose 0*r - 2*r = 4*g + 4, 6 = -2*g. Suppose -350 = -r*u - u. What is the remainder when u is divided by f?
22
What is the remainder when (66/12 + -6)*-4*39 is divided by 16?
14
Suppose 205*f + 124 = 209*f. Let k(h) = -h**3 + 7*h**2 - 4*h + 2. Let i be k(6). What is the remainder when f is divided by 158/i + 4/(-14)?
9
Let s(p) = -p**2 + 6*p + 6. Calculate the remainder when 21 + (-1)/(-2 - -1) is divided by s(6).
4
Let q(l) = l**2 + 3*l - 5. Calculate the remainder when 37 is divided by q(-6).
11
Let s(n) be the first derivative of -n**3/3 + n**2/2 + 11*n - 3. What is the remainder when 31 is divided by s(0)?
9
What is the remainder when (-1)/(-3)*-94*(-90)/60 is divided by 16?
15
Suppose -8 = -2*k - 2. Calculate the remainder when 15 is divided by k - (-3 + (-2 - -4)).
3
Suppose 7 = 5*q - 13. Suppose 6*u = 2*u - q*d + 152, -16 = -4*d. Suppose 2*m - 9 = 3*t, t + 3 = m - 4. What is the remainder when u is divided by m?
10
Let g be 15/(-3)*(-5 - 2). Suppose -2*s + 9 = 1, g = u - s. Calculate the remainder when u is divided by 14.
11
Let c(f) = f - 4. Let b be c(8). Suppose -4*o + 20 = -4*d, 4*o - b*d - 18 = -d. 